ainder when 280557 is divided by 15?
12
Calculate the remainder when 121247 is divided by 69.
14
Calculate the remainder when 205540 is divided by 36.
16
What is the remainder when 5164 is divided by 158?
108
Calculate the remainder when 6373 is divided by 6331.
42
Calculate the remainder when 316215 is divided by 43.
36
Calculate the remainder when 2050 is divided by 651.
97
What is the remainder when 63183 is divided by 2632?
15
What is the remainder when 786 is divided by 527?
259
Calculate the remainder when 26585 is divided by 313.
293
Calculate the remainder when 30013 is divided by 30008.
5
Calculate the remainder when 1117 is divided by 1031.
86
Calculate the remainder when 166154 is divided by 62.
56
Calculate the remainder when 8181 is divided by 227.
9
Calculate the remainder when 16234 is divided by 1080.
34
What is the remainder when 75428 is divided by 40?
28
Calculate the remainder when 32432 is divided by 32.
16
What is the remainder when 331781 is divided by 2989?
2
Calculate the remainder when 40388 is divided by 594.
590
Calculate the remainder when 229281 is divided by 219.
207
What is the remainder when 1051 is divided by 353?
345
Calculate the remainder when 189087 is divided by 283.
43
What is the remainder when 38886 is divided by 9716?
22
What is the remainder when 383992 is divided by 1864?
8
What is the remainder when 654637 is divided by 334?
331
What is the remainder when 84279 is divided by 66?
63
What is the remainder when 17301 is divided by 13?
11
Calculate the remainder when 12282 is divided by 939.
75
Calculate the remainder when 15909 is divided by 83.
56
What is the remainder when 538 is divided by 497?
41
What is the remainder when 215114 is divided by 666?
662
Calculate the remainder when 374634 is divided by 292.
290
What is the remainder when 1172 is divided by 472?
228
What is the remainder when 40349 is divided by 34?
25
What is the remainder when 21442 is divided by 9?
4
Calculate the remainder when 50541 is divided by 424.
85
What is the remainder when 34618 is divided by 2307?
13
Calculate the remainder when 796 is divided by 64.
28
Calculate the remainder when 1756 is divided by 1605.
151
What is the remainder when 1497918 is divided by 79?
78
Calculate the remainder when 116563 is divided by 5548.
55
Calculate the remainder when 675 is divided by 481.
194
Calculate the remainder when 195720 is divided by 202.
184
What is the remainder when 2448139 is divided by 816043?
10
Calculate the remainder when 435 is divided by 55.
50
Calculate the remainder when 3942 is divided by 653.
24
Calculate the remainder when 28911 is divided by 61.
58
Calculate the remainder when 137643 is divided by 18.
15
Calculate the remainder when 63347 is divided by 35.
32
Calculate the remainder when 11670 is divided by 179.
35
Calculate the remainder when 65674 is divided by 13.
11
Calculate the remainder when 71514 is divided by 35746.
22
What is the remainder when 12762 is divided by 153?
63
What is the remainder when 953 is divided by 473?
7
Calculate the remainder when 16916 is divided by 13.
3
Calculate the remainder when 124484 is divided by 72.
68
What is the remainder when 3429 is divided by 129?
75
What is the remainder when 300502 is divided by 37562?
6
Calculate the remainder when 19797 is divided by 3528.
2157
Calculate the remainder when 59881 is divided by 38.
31
What is the remainder when 13469 is divided by 6?
5
Calculate the remainder when 475560 is divided by 469.
463
Calculate the remainder when 227773 is divided by 49.
21
Calculate the remainder when 23498 is divided by 60.
38
Calculate the remainder when 339095 is divided by 30822.
53
What is the remainder when 705 is divided by 173?
13
Calculate the remainder when 654 is divided by 243.
168
What is the remainder when 1202408 is divided by 17?
15
What is the remainder when 69161 is divided by 116?
25
What is the remainder when 78713 is divided by 1830?
23
What is the remainder when 1049567 is divided by 208?
207
What is the remainder when 59653 is divided by 29778?
97
Calculate the remainder when 509406 is divided by 254696.
14
Calculate the remainder when 898 is divided by 431.
36
Calculate the remainder when 11889 is divided by 290.
289
Calculate the remainder when 7451 is divided by 2469.
44
Calculate the remainder when 3480 is divided by 157.
26
Calculate the remainder when 1432 is divided by 45.
37
What is the remainder when 32922 is divided by 515?
477
What is the remainder when 18672 is divided by 322?
318
Calculate the remainder when 7108 is divided by 3549.
10
What is the remainder when 23948 is divided by 499?
495
Calculate the remainder when 2126 is divided by 1029.
68
Calculate the remainder when 11000 is divided by 3641.
77
Calculate the remainder when 74452 is divided by 27.
13
Calculate the remainder when 73355 is divided by 99.
95
What is the remainder when 1299707 is divided by 711?
710
Calculate the remainder when 8477 is divided by 527.
45
What is the remainder when 20476 is divided by 79?
15
Calculate the remainder when 76695 is divided by 25548.
51
Calculate the remainder when 12662 is divided by 226.
6
What is the remainder when 34959 is divided by 17471?
17
Calculate the remainder when 2045 is divided by 19.
12
What is the remainder when 21254 is divided by 922?
48
What is the remainder when 12319 is divided by 11?
10
What is the remainder when 2694 is divided by 635?
154
Calculate the remainder when 5573 is divided by 62.
55
What is the remainder when 1035335 is divided by 12?
11
What is the remainder when 9208 is divided by 9076?
132
What is the remainder when 14873 is divided by 1682?
1417
Calculate the remainder when 909367 is divided by 1399.
17
What is the remainder when 12886 is divided by 68?
34
Calculate the remainder when 16790 is divided by 22.
4
Calculate the remainder when 32122 is divided by 459.
451
Calculate the remainder when 323 is divided by 22.
15
Calculate the remainder when 4981 is divided by 15.
1
Calculate the remainder when 155445 is divided by 354.
39
What is the remainder when 39665 is divided by 4401?
56
What is the remainder when 17612 is divided by 17368?
244
What is the remainder when 19734 is divided by 423?
276
Calculate the remainder when 71764 is divided by 455.
329
Calculate the remainder when 1752 is divided by 61.
44
What is the remainder when 42258 is divided by 111?
78
Calculate the remainder when 55674 is divided by 994.
10
Calculate the remainder when 66645 is divided by 58.
3
Calculate the remainder when 3470 is divided by 33.
5
What is the remainder when 1948098 is divided by 550?
548
What is the remainder when 2463 is divided by 274?
271
What is the remainder when 8770 is divided by 1455?
40
Calculate the remainder when 64969 is divided by 16238.
17
Calculate the remainder when 31317 is divided by 90.
87
What is the remainder when 445 is divided by 65?
55
Calculate the remainder when 413 is divided by 116.
65
What is the remainder when 4066 is divided by 34?
20
Calculate the remainder when 9606 is divided by 3131.
213
Calculate the remainder when 15946 is divided by 15935.
11
What is the remainder when 31293 is divided by 154?
31
Calculate the remainder when 424264 is divided by 1066.
1062
What is the remainder when 2583 is divided by 2564?
19
What is the remainder when 44777 is divided by 567?
551
Calculate the remainder when 108066 is divided by 474.
468
What is the remainder when 30981 is divided by 3433?
84
Calculate the remainder when 145727 is divided by 8.
7
Calculate the remainder when 2457983 is divided by 519.
518
Calculate the remainder when 3211 is divided by 177.
25
Calculate the remainder when 3554 is divided by 63.
26
What is the remainder when 1744 is divided by 416?
80
Calculate the remainder when 211563 is divided by 175.
163
Calculate the remainder when 9592 is divided by 599.
8
Calculate the remainder when 6228 is divided by 667.
225
What is the remainder when 70033 is divided by 787?
777
Calculate the remainder when 516081 is divided by 5.
1
Calculate the remainder when 9937 is divided by 39.
31
Calculate the remainder when 2994 is divided by 190.
144
Calculate the remainder when 2344 is divided by 1707.
637
Calculate the remainder when 9599 is divided by 238